{"id":2917,"date":"2016-04-06T17:09:06","date_gmt":"2016-04-06T15:09:06","guid":{"rendered":"http:\/\/erlangen-im-wandel.de\/?page_id=2917"},"modified":"2016-10-18T12:12:52","modified_gmt":"2016-10-18T10:12:52","slug":"initiativen-in-erlangen","status":"publish","type":"page","link":"http:\/\/erlangen-im-wandel.de\/?page_id=2917","title":{"rendered":"Aktiv in Erlangen"},"content":{"rendered":"<p>Aktiv werden in Erlangen &#8211; diese Initiativen rund ums Thema Nachhaltigkeit und gesellschaftlicher Wandel kennen wir in Erlangen und sind mit einem gro\u00dfen Teil davon gut vernetzt. <\/p>\n<p><strong>ADFC Erlangen<\/strong><br \/>\nWeb: <a href=\"http:\/\/www.adfc-erlangen.de\/\">http:\/\/www.adfc-erlangen.de\/<\/a><\/p>\n<p><strong>Amnesty International &#8211; Gruppe Erlangen<\/strong><br \/>\nWeb: <a href=\"http:\/\/www.amnesty-erlangen.de\/\">http:\/\/www.amnesty-erlangen.de\/<\/a><\/p>\n<p><strong>Arche Bauernhof Erlangen<\/strong><br \/>\nWeb: <a href=\"http:\/\/www.arche-erlangen.de\">http:\/\/www.arche-erlangen.de<\/a><\/p>\n<p><strong>attac Gruppe Erlangen<\/strong><br \/>\nWeb: <a href=\"http:\/\/www.attac-netzwerk.de\/erlangen\/\">http:\/\/www.attac-netzwerk.de\/erlangen\/<\/a><\/p>\n<p><strong>BUND Naturschutz &#8211; Kreisgruppe Erlangen<\/strong><br \/>\nWeb: <a href=\"http:\/\/www.erlangen.bund-naturschutz.de\/\">http:\/\/www.erlangen.bund-naturschutz.de\/<\/a><\/p>\n<p><strong>Carsharing Erlangen<\/strong><br \/>\nWeb: <a href=\"http:\/\/www.carsharing-erlangen.de\/\">http:\/\/www.carsharing-erlangen.de\/<\/a><\/p>\n<p><strong>Coworking Erlangen<\/strong><br \/>\nWeb: <a href=\"http:\/\/coworking-erlangen.de\/\">http:\/\/coworking-erlangen.de\/<\/a><\/p>\n<p><strong>Deutsche Friedensgesellschaft &#8211; Vereinigte KriegsgegnerInnen Erlangen<\/strong><br \/>\nWeb: <a href=\"http:\/\/www.dfg-vk.de\">http:\/\/www.dfg-vk.de<\/a><\/p>\n<p><strong>Dritte Welt Laden Erlangen<\/strong><br \/>\nWeb: <a href=\"http:\/\/www.dritte-welt-laden-erlangen.de\/\">http:\/\/www.dritte-welt-laden-erlangen.de\/<\/a><\/p>\n<p><strong>Ehrenamtliche Fl\u00fcchlingsbetreuung in Erlangen (EFIE)<\/strong><br \/>\nWeb: <a href=\"http:\/\/www.efie-erlangen.de\">http:\/\/www.efie-erlangen.de<\/a><\/p>\n<p><strong>Energiewende ER(H)langen<\/strong><br \/>\nWeb: <a href=\"http:\/\/www.energiewende-erhlangen.de\/\">http:\/\/www.energiewende-erhlangen.de\/<\/a><\/p>\n<p><strong>Fahrradwerkstatt (E-Werk)<\/strong><br \/>\nHilfe zur Selbsthilfe bei der Fahrradreparatur. \u00d6ffnungszeiten: Di\/Mi\/Fr\/Sa: 15:00 &#8211; 18:00, Do: 17:30-20:30<br \/>\nWeb: <a href=\"http:\/\/www.e-werk.de\/initiativen\/fahrradwerkstatt.html\">http:\/\/www.e-werk.de\/initiativen\/fahrradwerkstatt.html<\/a><\/p>\n<p><strong>fairlangen.org<\/strong><br \/>\nWeb: <a href=\"http:\/\/fairlangen.org\">http:\/\/fairlangen.org<\/a><\/p>\n<p><strong>Foodsharing Erlangen<\/strong><br \/>\nLebensmittel retten bei M\u00e4rkten, B\u00e4ckern und Restaurants. Einmal im Monat Aktiventreffen und einmal im Monat Foodsharing Dinner im Lesecaf\u00e9.<br \/>\nWeb: <a href=\"http:\/\/www.foodsharing.de\">http:\/\/www.foodsharing.de<\/a><\/p>\n<p><strong>Greenpeace Erlangen<\/strong><br \/>\nWeb: <a href=\"http:\/\/www.erlangen.greenpeace.de\/\">http:\/\/www.erlangen.greenpeace.de\/<\/a><\/p>\n<p><strong>Interkultureller Garten Erlangen<\/strong><br \/>\nWeb: <a href=\"http:\/\/www.interkultureller-garten-erlangen.de\/\">http:\/\/www.interkultureller-garten-erlangen.de\/<\/a><\/p>\n<p><strong>Jugendfarm Erlangen e.V.<\/strong><br \/>\nNeben dem Angebot f\u00fcr Kinder gibt es im Rahmen der Selbst.Mach.Farm auch ein Angebot f\u00fcr Erwachsene. Es geht dabei insbesondere um Austausch von Wissen und Fertigkeiten &#8211; z.B. im Repair Caf\u00e9 jeden 2. und 4. Samstag im Monat.<br \/>\nWeb: <a href=\"http:\/\/www.jugendfarm-er.de\/\">http:\/\/www.jugendfarm-er.de\/<\/a><\/p>\n<p><strong>Lesecaf\u00e9 Anst\u00e4ndig essen<\/strong><br \/>\nVeranstaltungen und Buchausstellung rund um die Themen vegan-vegetarische Ern\u00e4hrung und Nachhaltigkeit<br \/>\nWeb: <a href=\"http:\/\/www.lesecafe-anstaendig-essen.de\">http:\/\/www.lesecafe-anstaendig-essen.de<\/a><\/p>\n<p><strong>N\u00e4hsalon Erlangen<\/strong><br \/>\nJeden 1. Samstag im Monat ist offene Werkstatt. Gegen einen Unkostenbeitrag von 8 Euro\/Stunde k\u00f6nnen die N\u00e4hmaschinen benutzt und die Beratung in Anspruch genommen werden.<br \/>\nWeb: <a href=\"http:\/\/www.naehsalon-erlangen.de\">http:\/\/www.naehsalon-erlangen.de<\/a><\/p>\n<p><strong>\u00d6ko Ref der Uni Erlangen<\/strong><br \/>\nWeb: <a href=\"https:\/\/stuve.uni-erlangen.de\/arbeitskreise-und-referate\/referat-oekologie-und-nachhaltigkeit\/\">https:\/\/stuve.uni-erlangen.de\/arbeitskreise-und-referate\/referat-oekologie-und-nachhaltigkeit\/<\/a><\/p>\n<p><strong>Organisierte Nachbarschaftshilfe Dechsendorf<\/strong><br \/>\nTauschring Dechsendorf. Jeden 3. Donnerstag im Monat ist Markttreffen.<br \/>\nWeb: <a href=\"http:\/\/www.organisiertenachbarschaftshilfe.de\/index2.html\">http:\/\/www.organisiertenachbarschaftshilfe.de\/<\/a><\/p>\n<p><strong>Repair Caf\u00e9 Erlangen<\/strong><br \/>\nWeb: <a href=\"https:\/\/www.repaircafe-erlangen.de\/\">https:\/\/www.repaircafe-erlangen.de\/<\/a><\/p>\n<p><strong>Selbstverwaltetes Jugend- und Kulturzentrum Erlangen<\/strong><br \/>\nJeden Montag veganes Essen zum Selbstkostenpreis (Vok\u00fc). Weitere regelm\u00e4\u00dfige Veranstaltungen.<br \/>\nWeb: <a href=\"http:\/\/juz.wojo-club.de\/indexe.html\">http:\/\/juz.wojo-club.de\/indexe.html<\/a><\/p>\n<p><strong>Solidarische Landwirtschaft Erlangen<\/strong><br \/>\nWeb: <a href=\"http:\/\/www.solawi-erlangen.de\/\">http:\/\/www.solawi-erlangen.de\/<\/a><\/p>\n<p><strong>Umsonstladen<\/strong><br \/>\nKostenlos einkaufen im Umsonstladen. \u00d6ffnungszeiten: MO: 17-21 Uhr, DI: 17-19 Uhr, MI: 16-18 Uhr, DO: 14-16 Uhr, FR: 14-16 Uhr<br \/>\nWeb: <a href=\"https:\/\/de-de.facebook.com\/pages\/Umsonstladen-JBN-Erlangen\/557057744413194\">https:\/\/de-de.facebook.com\/pages\/Umsonstladen-JBN-Erlangen\/557057744413194<\/a><\/p>\n<p><strong>VCD &#8211; Ortsgruppe Erlangen<\/strong><br \/>\nVerkehrsclub Deutschland, der \u00f6kologische Verkehrsclub<br \/>\nWeb: <a href=\"http:\/\/www.vcd.org\/vor-ort-bayern.html\">http:\/\/www.vcd.org\/vor-ort-bayern.html<\/a><\/p>\n<p><strong>Vebu Regionalgruppe Erlangen<\/strong><br \/>\nWeb: <a href=\"http:\/\/erlangen.vebu.de\">http:\/\/erlangen.vebu.de<\/a><\/p>\n<p><strong>Walderlebniszentrum Tennenlohe<\/strong><br \/>\nWeb: <a href=\"http:\/\/www.stmelf.bayern.de\/wald\/waldpaedagogik\/walderlebniszentren\/005783\/index.php\">http:\/\/www.stmelf.bayern.de\/wald\/waldpaedagogik\/walderlebniszentren\/005783\/index.php<\/a><\/p>\n<p><strong>Weitsicht Kino<\/strong><br \/>\nWeb: <a href=\"http:\/\/dritte-welt-laden-erlangen.de\/weitsicht_wordpress\/\">Weitsicht ERlangen<\/a><\/p>\n","protected":false},"excerpt":{"rendered":"<p>Aktiv werden in Erlangen &#8211; diese Initiativen rund ums Thema Nachhaltigkeit und gesellschaftlicher Wandel kennen wir in Erlangen und sind mit einem gro\u00dfen Teil davon gut vernetzt. ADFC Erlangen Web: http:\/\/www.adfc-erlangen.de\/ Amnesty International &#8211; Gruppe Erlangen Web: http:\/\/www.amnesty-erlangen.de\/ Arche Bauernhof Erlangen Web: http:\/\/www.arche-erlangen.de attac Gruppe Erlangen Web: http:\/\/www.attac-netzwerk.de\/erlangen\/ BUND Naturschutz &#8211; Kreisgruppe Erlangen Web: http:\/\/www.erlangen.bund-naturschutz.de\/ &hellip; <a href=\"http:\/\/erlangen-im-wandel.de\/?page_id=2917\" class=\"more-link\"><span class=\"screen-reader-text\">Aktiv in Erlangen<\/span> weiterlesen<\/a><\/p>\n","protected":false},"author":1,"featured_media":0,"parent":0,"menu_order":0,"comment_status":"open","ping_status":"open","template":"","meta":[],"_links":{"self":[{"href":"http:\/\/erlangen-im-wandel.de\/index.php?rest_route=\/wp\/v2\/pages\/2917"}],"collection":[{"href":"http:\/\/erlangen-im-wandel.de\/index.php?rest_route=\/wp\/v2\/pages"}],"about":[{"href":"http:\/\/erlangen-im-wandel.de\/index.php?rest_route=\/wp\/v2\/types\/page"}],"author":[{"embeddable":true,"href":"http:\/\/erlangen-im-wandel.de\/index.php?rest_route=\/wp\/v2\/users\/1"}],"replies":[{"embeddable":true,"href":"http:\/\/erlangen-im-wandel.de\/index.php?rest_route=%2Fwp%2Fv2%2Fcomments&post=2917"}],"version-history":[{"count":33,"href":"http:\/\/erlangen-im-wandel.de\/index.php?rest_route=\/wp\/v2\/pages\/2917\/revisions"}],"predecessor-version":[{"id":5814,"href":"http:\/\/erlangen-im-wandel.de\/index.php?rest_route=\/wp\/v2\/pages\/2917\/revisions\/5814"}],"wp:attachment":[{"href":"http:\/\/erlangen-im-wandel.de\/index.php?rest_route=%2Fwp%2Fv2%2Fmedia&parent=2917"}],"curies":[{"name":"wp","href":"https:\/\/api.w.org\/{rel}","templated":true}]}}